).
61
Suppose -7*j + 10*j = 87. What are the prime factors of j?
29
Let g be 2 - -2*(1 - 0). Suppose -6 = 3*n, -g*h + 4 = n - 18. List the prime factors of h.
2, 3
Let z(g) = 2*g**2 - 4*g - 1. Suppose -5*p + o + 14 = -0*o, -5*o = 3*p - 14. List the prime factors of z(p).
5
Let i(p) = -p**3 - 4*p**2 + 8*p + 3. List the prime factors of i(-6).
3
Suppose 0 = 4*k - 5*r - 17, r - 6 = -4*k - 19. Let n = k + -2. Let x = 10 + n. List the prime factors of x.
2, 3
Suppose 3*s - 5*s + 650 = 0. List the prime factors of s.
5, 13
Suppose -3*t + 5*o - 28 = -t, -t + 5*o = 24. Let i be 4/(-2) - (1 + -1). Let g = i - t. What are the prime factors of g?
2
Let g(o) = o**3 - 5*o**2 - 7*o + 8. Let f be g(6). Suppose -q = -f - 6. What are the prime factors of q?
2
Suppose -b + 8 + 9 = 0. Let c be b/2 + (-3)/6. Suppose -3*r + 28 + c = 0. List the prime factors of r.
2, 3
Let u(r) = -r - 4. Let g(p) = p + 1. Let b(i) = -2*g(i) - u(i). What are the prime factors of b(-8)?
2, 5
Let g(z) = z. Let s(i) = 6*i + 10. Let m(f) = 5*g(f) - s(f). Let r be m(-7). What are the prime factors of 16/3 - r/(-9)?
5
What are the prime factors of (0 + -3)*(-38)/3?
2, 19
List the prime factors of (-2)/(-5) - 2256/(-60).
2, 19
Let g(t) = -3*t + 5. Let c be g(4). List the prime factors of (-4)/12 - c/3.
2
Suppose 0 = t - 4*p - 2, 4*t - 3*p - 1 = 7. Suppose -8 = -4*z - 4*h, -4*z + t = -3*h + 1. Suppose -w = -z - 1. What are the prime factors of w?
2
List the prime factors of (-9)/(-36) + (-83)/(-4).
3, 7
Let n(o) = 4*o + 1. Let y(w) = 12*w + 2. Let t(a) = -10*n(a) + 3*y(a). List the prime factors of t(-6).
2, 5
Suppose 2*l + 4 = 4*l. Suppose 0 = o + l*o - 3*u - 18, 5*u + 10 = 0. List the prime factors of o.
2
Suppose 0*v - 4*v + 721 = -5*k, 0 = 3*v + k - 555. List the prime factors of v.
2, 23
Let w = -9 + 13. List the prime factors of (-4)/w - 8*-1.
7
Let p be (2 + 3/(-2))*60. Suppose 8 = 3*x - 1. Suppose -x*b + p = -b. List the prime factors of b.
3, 5
Let a = 34 + -31. What are the prime factors of a?
3
Let k(p) = p**2 + 6*p - 1. Let x be k(5). Let t be (3 - -4) + 16/(-4). List the prime factors of ((-8)/t)/((-6)/x).
2, 3
Let h(b) = b + 5. Let x be h(0). Let z(m) = -m**3 + 7*m**2 - 7*m + 5. Let o be z(5). Suppose o = 4*q + 3*i, x*q - 4*q - 4*i = 5. List the prime factors of q.
5
Suppose -55 = -3*t + 35. What are the prime factors of t?
2, 3, 5
Suppose 4*w - 201 = -57. List the prime factors of w.
2, 3
Suppose -2 + 70 = 2*v. List the prime factors of v.
2, 17
Let h(d) = d**2 - 6*d - 8. Let z be h(6). Let n be z/(-5)*(-20)/(-8). Let p(x) = x**2 - 2*x - 1. List the prime factors of p(n).
7
Let h = -3 - -7. Suppose -132 = -h*n + 24. What are the prime factors of n?
3, 13
Let d = 50 + -18. What are the prime factors of d?
2
Let r(q) = -q + 5. Let v = 6 - 6. List the prime factors of r(v).
5
Suppose 2*d - 3 = 1. Suppose -d*s - 2*s = -100. List the prime factors of s.
5
Let z be ((-6)/5)/((-6)/20). Suppose z*p = -p + 15. What are the prime factors of p?
3
Suppose 3*g = 1 + 8. Suppose -g*k + 48 = -0*k. List the prime factors of k.
2
Let s(j) = 7*j + 2. What are the prime factors of s(2)?
2
Let c be (-3)/(1 - 0 - 2). Suppose 1 = -c*k - 5. List the prime factors of k/(2/1)*-5.
5
Let d(j) = 7*j - 5. List the prime factors of d(4).
23
Let c(q) = 6*q**2 - 3*q + 1. Let m be c(-3). Suppose -m = -5*x + x. What are the prime factors of x?
2
Suppose -2*x + 7 = v, -v + 3 + 0 = 0. Suppose 1 - 7 = -x*h. Suppose -4*p = -5*l + 81, -h*l - 2*p = -5*p - 48. What are the prime factors of l?
17
Suppose -2*h - 64 + 184 = 0. What are the prime factors of 24/h + 256/10?
2, 13
Suppose 0*r - 3*r + 6 = 0. Suppose -r*u + 4 = -0*u. Suppose -h = -u*h + 3. List the prime factors of h.
3
What are the prime factors of (-100)/3*(-5)/((-15)/(-9))?
2, 5
Let y(a) = a**2 + 5*a + 6. Suppose 4*p + 4*o - 12 = 0, -3 = 2*p + 3*p - o. Let h = -4 + p. List the prime factors of y(h).
2
Let p(x) = 3*x + 31. Let g be p(-14). Let r(l) = -12*l + 3 - l**2 - 9 - 3. What are the prime factors of r(g)?
2
Let j(c) = c**3 + 2*c**2 + c - 3. What are the prime factors of j(3)?
3, 5
Let s(q) = 10*q**2 + 9 - 8 - 3*q + 5*q. Let u = -1 + 0. What are the prime factors of s(u)?
3
Let s = 2 + 2. Let g be (-40)/(-22) + (-2)/(-11). Suppose s*b - g*b = 6. List the prime factors of b.
3
Let c = -14 + 5. List the prime factors of 6/(3/c - -1).
3
Let b(l) = l - 3. Let m(z) = -z - 7. Let k be m(-7). Suppose 5 = -k*v + v. What are the prime factors of b(v)?
2
Suppose 0*a = -3*a + 4*r + 73, 3*r - 112 = -5*a. What are the prime factors of a?
23
Let i = -6 + 3. Let g be (i + 1)/((-3)/24). Suppose 4*u - g - 28 = 0. What are the prime factors of u?
11
Suppose -2*m = -5 - 23. Let n = m - 1. What are the prime factors of n?
13
Let f(c) = -c - 5. Let v be f(-9). List the prime factors of v/10 + (-436)/(-10).
2, 11
Suppose 5*l - 3*u = -101, 3*u = -4*l + 5*u - 80. Let g(a) = -2*a**2 - a - 1. Let c be g(2). Let i = c - l. What are the prime factors of i?
2
What are the prime factors of (114/(-12))/((-2)/20)?
5, 19
Let o(r) = -6*r + 12 + 4*r + r. Let t be o(7). Suppose -5*l - 3*q = -27, -l + 0*q + 11 = -t*q. What are the prime factors of l?
2, 3
Let a(b) = -8*b + 9. What are the prime factors of a(-4)?
41
Let d(b) = 5*b - 2 + b - 5*b. Let z(i) = -2. Let v(u) = -6*d(u) + 7*z(u). What are the prime factors of v(-2)?
2, 5
Let r be -4*(-4)/8 + -1. What are the prime factors of ((-85)/25)/(r/(-5))?
17
Let t(y) = y**3 - 7*y**2 + 5*y + 8. Let a be t(6). Let o(i) = 5 + 14*i**2 + i**3 - 14*i - 7*i**a + 5*i + 0*i**3. What are the prime factors of o(-8)?
13
Let a(y) = y**2 - 10*y + 5. Let p be a(7). Let b be (-44)/p + 2/8. Let u = 0 + b. List the prime factors of u.
3
What are the prime factors of 6 - (4 - 2)*2?
2
Let c(o) = -2*o**3 + 14*o + 2. List the prime factors of c(-6).
2, 5, 7
Let k(q) = -q. Let c(p) = 4*p - 16. Let d(x) = -x**2 + 3*x - 3. Let h be d(2). Let v(n) = h*c(n) - 3*k(n). List the prime factors of v(8).
2
Let d(j) = -j**3 - 7*j**2 + 11*j + 17. What are the prime factors of d(-9)?
2, 5
Let d(s) = 9*s**3 - 3*s + 17. Let h(l) = 5*l**3 - 2*l + 9. Let k(o) = 6*d(o) - 11*h(o). Let r be 3/(((-27)/6)/3). List the prime factors of k(r).
3
Let t be -2*(-1 - 0)*-3. Let i(q) = q**2 + 5*q + 2. List the prime factors of i(t).
2
What are the prime factors of (4 + -6)*-82 - 3/1?
7, 23
Let u(l) = -l**3 - 7*l**2 + l - 2. Let y be u(-8). Let o = y - 32. What are the prime factors of o?
2, 11
Suppose -17*q = -18*q + 92. List the prime factors of q.
2, 23
Suppose 0 = 3*w - 8*w - 130. Let f = w + 40. What are the prime factors of f?
2, 7
Let y(p) be the first derivative of p**3/3 - 7*p + 7. List the prime factors of y(-7).
2, 3, 7
Suppose 0 = 7*m + 9*m - 3920. List the prime factors of m.
5, 7
Let v(t) = 6*t**2 - 3*t. Let g be v(2). Suppose -j - g = -4*q, 4*q = -q + 25. What are the prime factors of j?
2
Let n(s) = -s**2 + 8*s + 5. Let p be n(8). Suppose -4*c + 2*r + 40 = 0, p*r - 3*r = -c + 10. What are the prime factors of c?
2, 5
Let b(u) = 3*u**3 - u**2. What are the prime factors of b(1)?
2
Let w(i) = i**3 + 7*i**2 + 6*i + 2. Let v be w(-2). Suppose 2*l - 6 = l. Let x = v - l. What are the prime factors of x?
2
Let i(u) = -u - 16. Let k be i(-16). Let t = k + 40. What are the prime factors of t?
2, 5
Suppose 0 = c - 3*p - 21, -c + 4*p - 2*p + 20 = 0. List the prime factors of c.
2, 3
Suppose 0 = -12*r + 13*r - 33. What are the prime factors of r?
3, 11
Suppose -88 = -2*f + 3*k + 62, 0 = 5*f - 3*k - 384. Let d = -54 + f. List the prime factors of d.
2, 3
Suppose 5*p + 74 = m, 4*p + 3*m = 32 - 95. Let h = p + 22. List the prime factors of h.
7
List the prime factors of (-39)/(-12)*4 - 0.
13
Let h(y) = 2*y. Let w be h(0). Suppose 8 = 2*b, 2*d - 8 = -w*b + 2*b. List the prime factors of d.
2
Suppose -2*z = -4*y - 3*z - 23, 0 = y + 2*z + 11. What are the prime factors of (12/10)/((-2)/y)?
3
Let p(c) = -46*c - 24. What are the prime factors of p(-3)?
2, 3, 19
Suppose 0*j + 8*j = 440. What are the prime factors of j?
5, 11
Let p = 44 + -29. List the prime factors of p.
3, 5
Let z = 136 - 64. Suppose 3*c = -9, -5*d + z = -6*c + 2*c. List the prime factors of d.
2, 3
List the prime factors of 8/(-16)*(1 + -27).
13
Let o = 15 - 12. Suppose -s - 14 = -o*s. What are the prime factors of s?
7
Le